{"id":9,"date":"2020-01-21T11:47:46","date_gmt":"2020-01-21T10:47:46","guid":{"rendered":"http:\/\/neu.esv-flug.at\/?page_id=9"},"modified":"2020-01-21T11:47:46","modified_gmt":"2020-01-21T10:47:46","slug":"ich-will","status":"publish","type":"page","link":"https:\/\/esv-flug.at\/?page_id=9","title":{"rendered":"Ich will"},"content":{"rendered":"\n<p>Du hast die M\u00f6glichkeiten, im Rahmen des Flugsportvereines des ESV-Amstetten einen Supperflug zu machen aber auch selbst Pilot zu werden.<br><br>Des weiteren bietet der Verein die M\u00f6glichkeit \u00fcber Vereins-Sponsoring Flugbanner in der Region zu pr\u00e4sentieren.<br><\/p>\n\n\n\n<p><\/p>\n","protected":false},"excerpt":{"rendered":"<p>Du hast die M\u00f6glichkeiten, im Rahmen des Flugsportvereines des ESV-Amstetten einen Supperflug zu machen aber auch selbst Pilot zu werden. Des weiteren bietet der Verein die M\u00f6glichkeit \u00fcber Vereins-Sponsoring Flugbanner in der Region zu pr\u00e4sentieren.<\/p>\n","protected":false},"author":1,"featured_media":0,"parent":0,"menu_order":0,"comment_status":"closed","ping_status":"closed","template":"","meta":{"footnotes":""},"class_list":["post-9","page","type-page","status-publish","hentry"],"_links":{"self":[{"href":"https:\/\/esv-flug.at\/index.php?rest_route=\/wp\/v2\/pages\/9","targetHints":{"allow":["GET"]}}],"collection":[{"href":"https:\/\/esv-flug.at\/index.php?rest_route=\/wp\/v2\/pages"}],"about":[{"href":"https:\/\/esv-flug.at\/index.php?rest_route=\/wp\/v2\/types\/page"}],"author":[{"embeddable":true,"href":"https:\/\/esv-flug.at\/index.php?rest_route=\/wp\/v2\/users\/1"}],"replies":[{"embeddable":true,"href":"https:\/\/esv-flug.at\/index.php?rest_route=%2Fwp%2Fv2%2Fcomments&post=9"}],"version-history":[{"count":0,"href":"https:\/\/esv-flug.at\/index.php?rest_route=\/wp\/v2\/pages\/9\/revisions"}],"wp:attachment":[{"href":"https:\/\/esv-flug.at\/index.php?rest_route=%2Fwp%2Fv2%2Fmedia&parent=9"}],"curies":[{"name":"wp","href":"https:\/\/api.w.org\/{rel}","templated":true}]}}