{"id":38,"date":"2020-01-21T13:02:33","date_gmt":"2020-01-21T12:02:33","guid":{"rendered":"http:\/\/neu.esv-flug.at\/?page_id=38"},"modified":"2024-09-26T17:35:35","modified_gmt":"2024-09-26T17:35:35","slug":"dg400","status":"publish","type":"page","link":"https:\/\/esv-flug.at\/?page_id=38","title":{"rendered":"DG400\/17"},"content":{"rendered":"\n<p><a href=\"https:\/\/de.wikipedia.org\/wiki\/Glaser-Dirks_DG-400\" target=\"_blank\" rel=\"noreferrer noopener\" aria-label=\" (\u00f6ffnet in neuem Tab)\">https:\/\/de.wikipedia.org\/wiki\/Glaser-Dirks_DG-400<\/a><\/p>\n\n\n\n<p>Das vereinseigene Segelflugzeug der Hochleistungsklasse erm\u00f6glicht durch das einfache Motorhandling entspannte Segelfl\u00fcge im Mostviertel aber auch gr\u00f6\u00dfere Streckenfl\u00fcge \u00fcber die Alpen.<br><\/p>\n\n\n\n<figure class=\"wp-block-gallery has-nested-images columns-default is-cropped wp-block-gallery-1 is-layout-flex wp-block-gallery-is-layout-flex\">\n<figure class=\"wp-block-image size-large\"><img loading=\"lazy\" decoding=\"async\" width=\"1024\" height=\"578\" data-id=\"682\" src=\"https:\/\/esv-flug.at\/wp-content\/uploads\/2024\/09\/IMG_20200806_184121-1024x578.jpg\" alt=\"\" class=\"wp-image-682\" srcset=\"https:\/\/esv-flug.at\/wp-content\/uploads\/2024\/09\/IMG_20200806_184121-1024x578.jpg 1024w, https:\/\/esv-flug.at\/wp-content\/uploads\/2024\/09\/IMG_20200806_184121-300x169.jpg 300w, https:\/\/esv-flug.at\/wp-content\/uploads\/2024\/09\/IMG_20200806_184121-768x433.jpg 768w, https:\/\/esv-flug.at\/wp-content\/uploads\/2024\/09\/IMG_20200806_184121-500x282.jpg 500w, https:\/\/esv-flug.at\/wp-content\/uploads\/2024\/09\/IMG_20200806_184121.jpg 1280w\" sizes=\"auto, (max-width: 1024px) 100vw, 1024px\" \/><\/figure>\n\n\n\n<figure class=\"wp-block-image size-large\"><img loading=\"lazy\" decoding=\"async\" width=\"1024\" height=\"576\" data-id=\"717\" src=\"https:\/\/esv-flug.at\/wp-content\/uploads\/2024\/09\/2019-ESV-Jahresabschluss-031-1024x576.jpg\" alt=\"\" class=\"wp-image-717\" srcset=\"https:\/\/esv-flug.at\/wp-content\/uploads\/2024\/09\/2019-ESV-Jahresabschluss-031-1024x576.jpg 1024w, https:\/\/esv-flug.at\/wp-content\/uploads\/2024\/09\/2019-ESV-Jahresabschluss-031-300x169.jpg 300w, https:\/\/esv-flug.at\/wp-content\/uploads\/2024\/09\/2019-ESV-Jahresabschluss-031-768x432.jpg 768w, https:\/\/esv-flug.at\/wp-content\/uploads\/2024\/09\/2019-ESV-Jahresabschluss-031-1536x864.jpg 1536w, https:\/\/esv-flug.at\/wp-content\/uploads\/2024\/09\/2019-ESV-Jahresabschluss-031-500x281.jpg 500w, https:\/\/esv-flug.at\/wp-content\/uploads\/2024\/09\/2019-ESV-Jahresabschluss-031.jpg 1920w\" sizes=\"auto, (max-width: 1024px) 100vw, 1024px\" \/><\/figure>\n\n\n\n<figure class=\"wp-block-image size-large\"><img loading=\"lazy\" decoding=\"async\" width=\"1024\" height=\"768\" data-id=\"716\" src=\"https:\/\/esv-flug.at\/wp-content\/uploads\/2024\/09\/2019-ESV-Jahresabschluss-030-1024x768.jpg\" alt=\"\" class=\"wp-image-716\" srcset=\"https:\/\/esv-flug.at\/wp-content\/uploads\/2024\/09\/2019-ESV-Jahresabschluss-030-1024x768.jpg 1024w, https:\/\/esv-flug.at\/wp-content\/uploads\/2024\/09\/2019-ESV-Jahresabschluss-030-300x225.jpg 300w, https:\/\/esv-flug.at\/wp-content\/uploads\/2024\/09\/2019-ESV-Jahresabschluss-030-768x576.jpg 768w, https:\/\/esv-flug.at\/wp-content\/uploads\/2024\/09\/2019-ESV-Jahresabschluss-030-1536x1152.jpg 1536w, https:\/\/esv-flug.at\/wp-content\/uploads\/2024\/09\/2019-ESV-Jahresabschluss-030-400x300.jpg 400w, https:\/\/esv-flug.at\/wp-content\/uploads\/2024\/09\/2019-ESV-Jahresabschluss-030.jpg 1600w\" sizes=\"auto, (max-width: 1024px) 100vw, 1024px\" \/><\/figure>\n\n\n\n<figure class=\"wp-block-image size-large\"><img loading=\"lazy\" decoding=\"async\" width=\"1024\" height=\"683\" data-id=\"738\" src=\"https:\/\/esv-flug.at\/wp-content\/uploads\/2024\/09\/25-03-17-1-1024x683.jpg\" alt=\"\" class=\"wp-image-738\" srcset=\"https:\/\/esv-flug.at\/wp-content\/uploads\/2024\/09\/25-03-17-1-1024x683.jpg 1024w, https:\/\/esv-flug.at\/wp-content\/uploads\/2024\/09\/25-03-17-1-300x200.jpg 300w, https:\/\/esv-flug.at\/wp-content\/uploads\/2024\/09\/25-03-17-1-768x512.jpg 768w, https:\/\/esv-flug.at\/wp-content\/uploads\/2024\/09\/25-03-17-1-1536x1024.jpg 1536w, https:\/\/esv-flug.at\/wp-content\/uploads\/2024\/09\/25-03-17-1-450x300.jpg 450w, https:\/\/esv-flug.at\/wp-content\/uploads\/2024\/09\/25-03-17-1.jpg 1800w\" sizes=\"auto, (max-width: 1024px) 100vw, 1024px\" \/><\/figure>\n<\/figure>\n","protected":false},"excerpt":{"rendered":"<p>https:\/\/de.wikipedia.org\/wiki\/Glaser-Dirks_DG-400 Das vereinseigene Segelflugzeug der Hochleistungsklasse erm\u00f6glicht durch das einfache Motorhandling entspannte Segelfl\u00fcge im Mostviertel aber auch gr\u00f6\u00dfere Streckenfl\u00fcge \u00fcber die Alpen.<\/p>\n","protected":false},"author":1,"featured_media":0,"parent":30,"menu_order":3,"comment_status":"closed","ping_status":"closed","template":"","meta":{"footnotes":""},"class_list":["post-38","page","type-page","status-publish","hentry"],"_links":{"self":[{"href":"https:\/\/esv-flug.at\/index.php?rest_route=\/wp\/v2\/pages\/38","targetHints":{"allow":["GET"]}}],"collection":[{"href":"https:\/\/esv-flug.at\/index.php?rest_route=\/wp\/v2\/pages"}],"about":[{"href":"https:\/\/esv-flug.at\/index.php?rest_route=\/wp\/v2\/types\/page"}],"author":[{"embeddable":true,"href":"https:\/\/esv-flug.at\/index.php?rest_route=\/wp\/v2\/users\/1"}],"replies":[{"embeddable":true,"href":"https:\/\/esv-flug.at\/index.php?rest_route=%2Fwp%2Fv2%2Fcomments&post=38"}],"version-history":[{"count":3,"href":"https:\/\/esv-flug.at\/index.php?rest_route=\/wp\/v2\/pages\/38\/revisions"}],"predecessor-version":[{"id":759,"href":"https:\/\/esv-flug.at\/index.php?rest_route=\/wp\/v2\/pages\/38\/revisions\/759"}],"up":[{"embeddable":true,"href":"https:\/\/esv-flug.at\/index.php?rest_route=\/wp\/v2\/pages\/30"}],"wp:attachment":[{"href":"https:\/\/esv-flug.at\/index.php?rest_route=%2Fwp%2Fv2%2Fmedia&parent=38"}],"curies":[{"name":"wp","href":"https:\/\/api.w.org\/{rel}","templated":true}]}}