{"id":36,"date":"2020-01-21T13:02:00","date_gmt":"2020-01-21T12:02:00","guid":{"rendered":"http:\/\/neu.esv-flug.at\/?page_id=36"},"modified":"2024-09-26T18:11:12","modified_gmt":"2024-09-26T18:11:12","slug":"ka8","status":"publish","type":"page","link":"https:\/\/esv-flug.at\/?page_id=36","title":{"rendered":"Ka8B"},"content":{"rendered":"\n<p><a href=\"https:\/\/de.wikipedia.org\/wiki\/Schleicher_K_8\" target=\"_blank\" rel=\"noreferrer noopener\" aria-label=\" (\u00f6ffnet in neuem Tab)\">https:\/\/de.wikipedia.org\/wiki\/Schleicher_K_8<\/a><\/p>\n\n\n\n<p>Unser \u00e4ltestes Flugzeug kennzeichnet sich durch besonders einfache Handhabung und ist durch die \u00e4u\u00dferst gutm\u00fctigen Flugeigenschaften besonders f\u00fcr Flugsch\u00fcler und Anf\u00e4nger geeignet. S\u00e4ndige Wartung und Anbassung halten die Ka8 auf neuestem Stand.<\/p>\n\n\n\n<p>Hier kommt die &#8222;Bettina&#8220; beim allj\u00e4hrlichen Ziellandewettbewerb zum Einsatz&#8230;.<\/p>\n\n\n\n<figure class=\"wp-block-gallery has-nested-images columns-default is-cropped wp-block-gallery-1 is-layout-flex wp-block-gallery-is-layout-flex\">\n<figure class=\"wp-block-image size-large\"><img loading=\"lazy\" decoding=\"async\" width=\"1024\" height=\"683\" data-id=\"742\" src=\"https:\/\/esv-flug.at\/wp-content\/uploads\/2024\/09\/Ziellanden-2016-1024x683.jpg\" alt=\"\" class=\"wp-image-742\" srcset=\"https:\/\/esv-flug.at\/wp-content\/uploads\/2024\/09\/Ziellanden-2016-1024x683.jpg 1024w, https:\/\/esv-flug.at\/wp-content\/uploads\/2024\/09\/Ziellanden-2016-300x200.jpg 300w, https:\/\/esv-flug.at\/wp-content\/uploads\/2024\/09\/Ziellanden-2016-768x512.jpg 768w, https:\/\/esv-flug.at\/wp-content\/uploads\/2024\/09\/Ziellanden-2016-1536x1024.jpg 1536w, https:\/\/esv-flug.at\/wp-content\/uploads\/2024\/09\/Ziellanden-2016-450x300.jpg 450w, https:\/\/esv-flug.at\/wp-content\/uploads\/2024\/09\/Ziellanden-2016.jpg 1800w\" sizes=\"auto, (max-width: 1024px) 100vw, 1024px\" \/><\/figure>\n\n\n\n<figure class=\"wp-block-image size-large\"><img loading=\"lazy\" decoding=\"async\" width=\"1000\" height=\"287\" data-id=\"744\" src=\"https:\/\/esv-flug.at\/wp-content\/uploads\/2024\/09\/cropped-2016-Ziellanden-LOLT_07.jpg\" alt=\"\" class=\"wp-image-744\" srcset=\"https:\/\/esv-flug.at\/wp-content\/uploads\/2024\/09\/cropped-2016-Ziellanden-LOLT_07.jpg 1000w, https:\/\/esv-flug.at\/wp-content\/uploads\/2024\/09\/cropped-2016-Ziellanden-LOLT_07-300x86.jpg 300w, https:\/\/esv-flug.at\/wp-content\/uploads\/2024\/09\/cropped-2016-Ziellanden-LOLT_07-768x220.jpg 768w, https:\/\/esv-flug.at\/wp-content\/uploads\/2024\/09\/cropped-2016-Ziellanden-LOLT_07-500x144.jpg 500w\" sizes=\"auto, (max-width: 1000px) 100vw, 1000px\" \/><\/figure>\n\n\n\n<figure class=\"wp-block-image size-large\"><img loading=\"lazy\" decoding=\"async\" width=\"1024\" height=\"683\" data-id=\"730\" src=\"https:\/\/esv-flug.at\/wp-content\/uploads\/2024\/09\/2016-Ziellanden-LOLT_05-1024x683.jpg\" alt=\"\" class=\"wp-image-730\" srcset=\"https:\/\/esv-flug.at\/wp-content\/uploads\/2024\/09\/2016-Ziellanden-LOLT_05-1024x683.jpg 1024w, https:\/\/esv-flug.at\/wp-content\/uploads\/2024\/09\/2016-Ziellanden-LOLT_05-300x200.jpg 300w, https:\/\/esv-flug.at\/wp-content\/uploads\/2024\/09\/2016-Ziellanden-LOLT_05-768x512.jpg 768w, https:\/\/esv-flug.at\/wp-content\/uploads\/2024\/09\/2016-Ziellanden-LOLT_05-1536x1024.jpg 1536w, https:\/\/esv-flug.at\/wp-content\/uploads\/2024\/09\/2016-Ziellanden-LOLT_05-450x300.jpg 450w, https:\/\/esv-flug.at\/wp-content\/uploads\/2024\/09\/2016-Ziellanden-LOLT_05.jpg 1800w\" sizes=\"auto, (max-width: 1024px) 100vw, 1024px\" \/><\/figure>\n\n\n\n<figure class=\"wp-block-image size-large\"><img loading=\"lazy\" decoding=\"async\" width=\"1024\" height=\"683\" data-id=\"731\" src=\"https:\/\/esv-flug.at\/wp-content\/uploads\/2024\/09\/2016-Ziellanden-LOLT_07-1024x683.jpg\" alt=\"\" class=\"wp-image-731\" srcset=\"https:\/\/esv-flug.at\/wp-content\/uploads\/2024\/09\/2016-Ziellanden-LOLT_07-1024x683.jpg 1024w, https:\/\/esv-flug.at\/wp-content\/uploads\/2024\/09\/2016-Ziellanden-LOLT_07-300x200.jpg 300w, https:\/\/esv-flug.at\/wp-content\/uploads\/2024\/09\/2016-Ziellanden-LOLT_07-768x512.jpg 768w, https:\/\/esv-flug.at\/wp-content\/uploads\/2024\/09\/2016-Ziellanden-LOLT_07-1536x1024.jpg 1536w, https:\/\/esv-flug.at\/wp-content\/uploads\/2024\/09\/2016-Ziellanden-LOLT_07-450x300.jpg 450w, https:\/\/esv-flug.at\/wp-content\/uploads\/2024\/09\/2016-Ziellanden-LOLT_07.jpg 1800w\" sizes=\"auto, (max-width: 1024px) 100vw, 1024px\" \/><\/figure>\n\n\n\n<figure class=\"wp-block-image size-large\"><img loading=\"lazy\" decoding=\"async\" width=\"1024\" height=\"682\" data-id=\"728\" src=\"https:\/\/esv-flug.at\/wp-content\/uploads\/2024\/09\/107-1024x682.jpg\" alt=\"\" class=\"wp-image-728\" srcset=\"https:\/\/esv-flug.at\/wp-content\/uploads\/2024\/09\/107-1024x682.jpg 1024w, https:\/\/esv-flug.at\/wp-content\/uploads\/2024\/09\/107-300x200.jpg 300w, https:\/\/esv-flug.at\/wp-content\/uploads\/2024\/09\/107-768x512.jpg 768w, https:\/\/esv-flug.at\/wp-content\/uploads\/2024\/09\/107-1536x1023.jpg 1536w, https:\/\/esv-flug.at\/wp-content\/uploads\/2024\/09\/107-450x300.jpg 450w, https:\/\/esv-flug.at\/wp-content\/uploads\/2024\/09\/107.jpg 1801w\" sizes=\"auto, (max-width: 1024px) 100vw, 1024px\" \/><\/figure>\n<\/figure>\n","protected":false},"excerpt":{"rendered":"<p>https:\/\/de.wikipedia.org\/wiki\/Schleicher_K_8 Unser \u00e4ltestes Flugzeug kennzeichnet sich durch besonders einfache Handhabung und ist durch die \u00e4u\u00dferst gutm\u00fctigen Flugeigenschaften besonders f\u00fcr Flugsch\u00fcler und Anf\u00e4nger geeignet. S\u00e4ndige Wartung und Anbassung halten die Ka8 auf neuestem Stand. Hier kommt die &#8222;Bettina&#8220; beim allj\u00e4hrlichen Ziellandewettbewerb &hellip; <a href=\"https:\/\/esv-flug.at\/?page_id=36\">Weiterlesen <span class=\"meta-nav\">&rarr;<\/span><\/a><\/p>\n","protected":false},"author":1,"featured_media":0,"parent":30,"menu_order":2,"comment_status":"closed","ping_status":"closed","template":"","meta":{"footnotes":""},"class_list":["post-36","page","type-page","status-publish","hentry"],"_links":{"self":[{"href":"https:\/\/esv-flug.at\/index.php?rest_route=\/wp\/v2\/pages\/36","targetHints":{"allow":["GET"]}}],"collection":[{"href":"https:\/\/esv-flug.at\/index.php?rest_route=\/wp\/v2\/pages"}],"about":[{"href":"https:\/\/esv-flug.at\/index.php?rest_route=\/wp\/v2\/types\/page"}],"author":[{"embeddable":true,"href":"https:\/\/esv-flug.at\/index.php?rest_route=\/wp\/v2\/users\/1"}],"replies":[{"embeddable":true,"href":"https:\/\/esv-flug.at\/index.php?rest_route=%2Fwp%2Fv2%2Fcomments&post=36"}],"version-history":[{"count":3,"href":"https:\/\/esv-flug.at\/index.php?rest_route=\/wp\/v2\/pages\/36\/revisions"}],"predecessor-version":[{"id":778,"href":"https:\/\/esv-flug.at\/index.php?rest_route=\/wp\/v2\/pages\/36\/revisions\/778"}],"up":[{"embeddable":true,"href":"https:\/\/esv-flug.at\/index.php?rest_route=\/wp\/v2\/pages\/30"}],"wp:attachment":[{"href":"https:\/\/esv-flug.at\/index.php?rest_route=%2Fwp%2Fv2%2Fmedia&parent=36"}],"curies":[{"name":"wp","href":"https:\/\/api.w.org\/{rel}","templated":true}]}}