{"id":13,"date":"2020-01-21T11:49:55","date_gmt":"2020-01-21T10:49:55","guid":{"rendered":"http:\/\/neu.esv-flug.at\/?page_id=13"},"modified":"2024-09-27T15:33:30","modified_gmt":"2024-09-27T15:33:30","slug":"segelflugschulung","status":"publish","type":"page","link":"https:\/\/esv-flug.at\/?page_id=13","title":{"rendered":"Pilot werden"},"content":{"rendered":"\n<h2 class=\"wp-block-heading\">Schulung mit dem Segelflugzeug und TouringMotorGlider<\/h2>\n\n\n\n<p>Kontakt: <a href=\"mailto:esvamst.flugsport@gmail.com\">e-mail<\/a><\/p>\n\n\n\n<h2 class=\"wp-block-heading\">Segelflugschule des ESV-Amstetten Flugsport<\/h2>\n\n\n\n<p>Die Ausbildung zum Piloten erfolgt \u00fcber die Flugschule des ESV-Amstetten  Flugsport, d.h. zun\u00e4chst wird man Mitglied des Vereins werden und kann dann im Vereinsrahmen mit der Ausbildung beginnen.  <\/p>\n\n\n\n<p>Es ist eben diese besondere Faszination der Freiheit \u00fcber den Wolken. Beim  Segelfliegen verbindet man das durch die Luft gleiten ohne Motor mit dem eigenen K\u00f6nnen die Natur f\u00fcr sich zu nutzen und mit der Thermik wieder an H\u00f6he zu gewinnen. <strong>Es ist einfach ein unbeschreibliches Gef\u00fchl, auf diese Weise die Natur zu erleben.<\/strong><\/p>\n\n\n\n<p>Und so kommen auch Sie zum Segelfliegerschein:<\/p>\n\n\n\n<h2 class=\"wp-block-heading\"><strong>Voraussetzungen f\u00fcr die Ausbildung:<\/strong><\/h2>\n\n\n\n<ul class=\"wp-block-list\">\n<li>Mit dem vollendeten 14. Lebensjahr kann die Ausbildung beginnen. <\/li>\n\n\n\n<li>Vor dem ersten Alleinflug die flieger\u00e4rztliche Untersuchung<\/li>\n<\/ul>\n\n\n\n<p>Die Ausbildung wird innerhalb des Vereines ESV-Amstetten Flugsport am Flugplatz in Seitenstetten nach dem standardisierten Ausbildungsprogramm des \u00f6st. AERO-Club durchgef\u00fchrt.<\/p>\n\n\n\n<h2 class=\"wp-block-heading\"><strong>Die Theorieausbildung:<\/strong><\/h2>\n\n\n\n<p>Unsere Kurse finden mit  Vereinsunterst\u00fctzung und pers\u00f6nlicher Atmosph\u00e4re statt. Die  theoretischen Grundlagen werden Fluglehrer mit praktischem Bezug vermittelt.<br>Die Theorieausbildung lehrt folgende Kompetenzen:<\/p>\n\n\n\n<ul class=\"wp-block-list\">\n<li>Luftrecht<\/li>\n\n\n\n<li>Menschliches Leistungsverm\u00f6gen <\/li>\n\n\n\n<li>Meteorologie <\/li>\n\n\n\n<li>Funkkommunikation<\/li>\n\n\n\n<li>Aerodynamik<\/li>\n\n\n\n<li>Flugbetriebliche Verfahren<\/li>\n\n\n\n<li>Flugleistungen und Flugplanung<\/li>\n\n\n\n<li>Allgemeine Luftfahrzeugkenntnisse<\/li>\n\n\n\n<li>Navigation<\/li>\n<\/ul>\n\n\n\n<h2 class=\"wp-block-heading\"><strong>Die praktische Ausbildung:<\/strong><\/h2>\n\n\n\n<p>Die Handhabung des  Flugzeuges wird auf dem Motorsegler (TouringMotorGlider) HB-23 begonnen und auf Segelflugzeugen Ka7, Ka8 und TwinAstir fortgesetzt. Nach der Schulung mit dem Lehrer am Doppelsteuer kommt es, je nach K\u00f6nnen, nach ca. 10 Flugstunden zum ersten Alleinflug. Nach weiteren \u00dcbungsfl\u00fcgen wird die Pr\u00fcfungsreife festgestellt und der Flugsch\u00fcler kann zur theoretischen  und praktischen Flugpr\u00fcfung antreten.<br><\/p>\n\n\n\n<figure class=\"wp-block-image size-large\"><img loading=\"lazy\" decoding=\"async\" width=\"1024\" height=\"576\" src=\"https:\/\/esv-flug.at\/wp-content\/uploads\/2024\/09\/2021-TMG-Schulung-02-1024x576.jpg\" alt=\"\" class=\"wp-image-890\" srcset=\"https:\/\/esv-flug.at\/wp-content\/uploads\/2024\/09\/2021-TMG-Schulung-02-1024x576.jpg 1024w, https:\/\/esv-flug.at\/wp-content\/uploads\/2024\/09\/2021-TMG-Schulung-02-300x169.jpg 300w, https:\/\/esv-flug.at\/wp-content\/uploads\/2024\/09\/2021-TMG-Schulung-02-768x432.jpg 768w, https:\/\/esv-flug.at\/wp-content\/uploads\/2024\/09\/2021-TMG-Schulung-02-1536x864.jpg 1536w, https:\/\/esv-flug.at\/wp-content\/uploads\/2024\/09\/2021-TMG-Schulung-02-500x281.jpg 500w, https:\/\/esv-flug.at\/wp-content\/uploads\/2024\/09\/2021-TMG-Schulung-02.jpg 1920w\" sizes=\"auto, (max-width: 1024px) 100vw, 1024px\" \/><\/figure>\n\n\n\n<h2 class=\"wp-block-heading\"><strong>Die Ausbildungskosten:<\/strong><\/h2>\n\n\n\n<p>Die Kosten h\u00e4ngen stark vom pers\u00f6nlichen Fortschritt ab und lassen sich erfahrungsgem\u00e4\u00df f\u00fcr Theoriekurs und praktische Ausbildung inkl. Fluglehrer mit den Kosten eines PKW-F\u00fchrerscheines vergleichen.<\/p>\n","protected":false},"excerpt":{"rendered":"<p>Schulung mit dem Segelflugzeug und TouringMotorGlider Kontakt: e-mail Segelflugschule des ESV-Amstetten Flugsport Die Ausbildung zum Piloten erfolgt \u00fcber die Flugschule des ESV-Amstetten Flugsport, d.h. zun\u00e4chst wird man Mitglied des Vereins werden und kann dann im Vereinsrahmen mit der Ausbildung beginnen. &hellip; <a href=\"https:\/\/esv-flug.at\/?page_id=13\">Weiterlesen <span class=\"meta-nav\">&rarr;<\/span><\/a><\/p>\n","protected":false},"author":1,"featured_media":0,"parent":9,"menu_order":0,"comment_status":"closed","ping_status":"closed","template":"","meta":{"footnotes":""},"class_list":["post-13","page","type-page","status-publish","hentry"],"_links":{"self":[{"href":"https:\/\/esv-flug.at\/index.php?rest_route=\/wp\/v2\/pages\/13","targetHints":{"allow":["GET"]}}],"collection":[{"href":"https:\/\/esv-flug.at\/index.php?rest_route=\/wp\/v2\/pages"}],"about":[{"href":"https:\/\/esv-flug.at\/index.php?rest_route=\/wp\/v2\/types\/page"}],"author":[{"embeddable":true,"href":"https:\/\/esv-flug.at\/index.php?rest_route=\/wp\/v2\/users\/1"}],"replies":[{"embeddable":true,"href":"https:\/\/esv-flug.at\/index.php?rest_route=%2Fwp%2Fv2%2Fcomments&post=13"}],"version-history":[{"count":2,"href":"https:\/\/esv-flug.at\/index.php?rest_route=\/wp\/v2\/pages\/13\/revisions"}],"predecessor-version":[{"id":891,"href":"https:\/\/esv-flug.at\/index.php?rest_route=\/wp\/v2\/pages\/13\/revisions\/891"}],"up":[{"embeddable":true,"href":"https:\/\/esv-flug.at\/index.php?rest_route=\/wp\/v2\/pages\/9"}],"wp:attachment":[{"href":"https:\/\/esv-flug.at\/index.php?rest_route=%2Fwp%2Fv2%2Fmedia&parent=13"}],"curies":[{"name":"wp","href":"https:\/\/api.w.org\/{rel}","templated":true}]}}